are the prime factors of o(5)?
5
Let k(w) = 2*w + 29. List the prime factors of k(0).
29
List the prime factors of 3*(-295)/45*-3.
59
Let s(i) = 0*i + 4*i**2 - 2*i - 2*i**2 - 1 + 0*i. Let h be (-21)/12 - (-2)/(-8). List the prime factors of s(h).
11
Let d(q) = -q - 4. Let c be d(-6). Suppose -m = -4*j + 16, c*j - 17 = 2*m - 3*j. List the prime factors of m.
2
What are the prime factors of (4995/(-10))/9*1*-2?
3, 37
Suppose -2*a = -a. Suppose a = -3*d - d. Suppose d = 2*w - 6*w + 8. List the prime factors of w.
2
Suppose 3*t - i - 220 = 0, -i - 75 = -t - 1. Let q = -5 + t. Suppose 5*w - q = -3. List the prime factors of w.
13
Let i = 12 - 9. Suppose 4*t - 18 = i*t. What are the prime factors of t?
2, 3
Let g(h) = -h - 118. Let q be g(0). List the prime factors of q/(-6) - 14/21.
19
Let d be (1 - 7)*2/(-6). Let b = 12 + d. List the prime factors of b.
2, 7
Let o(c) = c**3 + 9*c**2 - 2*c. Let w be o(-9). Let l = 29 - w. What are the prime factors of l?
11
What are the prime factors of 3 - ((-18)/(-54))/((-1)/717)?
2, 11
Suppose -3*p - p + 60 = 3*i, -p = 3*i - 60. Suppose -4*l + 80 = -2*f, 0 = l + 5*f - 0*f - i. List the prime factors of l.
2, 5
Let b = 19 + -4. What are the prime factors of ((-80)/(-6))/(5/b)?
2, 5
Let n(z) be the first derivative of -z**3/2 - 3*z**2/2 + 3*z + 1. Let q(o) be the first derivative of n(o). List the prime factors of q(-5).
2, 3
Let p be (8/(-6))/(2/(-15)). Suppose 2*v + v - 3*m = 3, -5*m = -p. Suppose -5*j + 7*y + 60 = 3*y, y = v*j - 36. What are the prime factors of j?
2, 3
Suppose 4*z - 5*y = -16, -2*y - 7 = z - 4*y. Suppose 2*d - 2*s - 56 = 0, -s = d - 0 - 18. Suppose -3*r + z = -d. List the prime factors of r.
2
Let s(n) = -n**3 - 6*n**2 + 6*n - 3. Let j be s(-7). Suppose 3*v = -j*c + 60, -c + 3*v + 15 = 7*v. List the prime factors of c.
3, 5
Let j = -34 + 59. What are the prime factors of j?
5
Let j(y) = y - 2. Let i be j(6). Let p(m) = 5*m**2 - 3*m + 5. Let f(w) = -6*w**2 + 3*w - 5. Let v(k) = 4*f(k) + 5*p(k). List the prime factors of v(i).
3
Let g = 38 + -2. What are the prime factors of g?
2, 3
Let q = 136 + 118. List the prime factors of q.
2, 127
Let c be (-1 + 1)/(-1) - 0. Suppose t - 6*t + 60 = c. List the prime factors of t.
2, 3
Let a be (-7 - -3)*1/2. What are the prime factors of 2*a/4*-9?
3
Suppose -4*d + a - 4*a = -6, -3*a - 6 = 0. Suppose -51 = -2*z - z - d*m, 0 = -2*z + m + 28. What are the prime factors of z?
3, 5
Suppose -5*t = -132 + 32. List the prime factors of t.
2, 5
Suppose 0 = 9*v - 6*v - 714. List the prime factors of v.
2, 7, 17
Suppose 0 = -5*y + 4*n - 195 + 657, 4*y - 378 = -n. What are the prime factors of y?
2, 47
Let k(u) be the third derivative of -u**4/24 + u**3/3 + 3*u**2. List the prime factors of k(-2).
2
Let w be 1/(-2) + (-14)/(-4). Suppose -x = u - 17, w*x - 28 - 38 = -4*u. List the prime factors of u.
3, 5
Suppose -9*a = -43 - 137. List the prime factors of a.
2, 5
Suppose 7*w + 12 = 3*w. Let q = w + 9. List the prime factors of q.
2, 3
Suppose -h + 212 = 4*p - 84, 3*p - 2*h - 222 = 0. What are the prime factors of p?
2, 37
Let u(n) be the first derivative of -n**3/3 + 11*n**2/2 + 6*n + 2. What are the prime factors of u(10)?
2
Let z(r) = 3*r - 10. Let f be z(5). Suppose -f*t = -50 - 195. What are the prime factors of t?
7
Let p be (-4 - (-28)/8)*-18. Suppose -c + p = -0*c. List the prime factors of c.
3
Let x(u) = u**3 - 6*u**2 - 7*u + 8. Suppose -3*p - p - 40 = 0. Let z = 17 + p. What are the prime factors of x(z)?
2
Let b = 35 + -23. List the prime factors of b.
2, 3
Let n(j) = 2*j**2 - 2*j - 1. Let m be n(5). Suppose -3*o = 4*b - m, -4*b - 51 = -3*o + 12. What are the prime factors of o?
17
Let v(f) = -f**3 - 8*f**2 - 9*f + 1. What are the prime factors of v(-7)?
3, 5
Suppose 0 = 4*c + 102 - 1054. List the prime factors of c.
2, 7, 17
Let l = -7 + 11. Let i(f) = 0*f + l*f - 3*f. What are the prime factors of i(2)?
2
Suppose 3*z - 5*b - 82 = 0, 3*z + 3*b - 22 = 20. What are the prime factors of z?
19
Suppose -279 = -3*y + 4*r, -y + 0*y + 3*r = -93. Suppose 7*f - y = 4*f. What are the prime factors of f?
31
Let n(a) = -3*a + 31. List the prime factors of n(-17).
2, 41
Let u = -2 + 2. Suppose -2*p - 5*x + 53 = -u*x, x - 1 = 0. List the prime factors of p.
2, 3
Let c(a) = a**3 - 2*a**2 - 3*a - 1. Let f be c(-1). Let m = -1 + 1. List the prime factors of 3 + (m/(-1) - f).
2
Suppose 0 = -3*n - n + 84. List the prime factors of (10/(-15))/((-2)/n).
7
Let q = -61 + 62. Suppose -2*d - 10 = a - 4*d, 5*a - 5*d = -50. Let y = q - a. What are the prime factors of y?
11
Let m be (-22)/(-5) + (-9)/(-15). Suppose -3*h - u + 20 = 0, h - m*u = -h - 15. Suppose -2*y - 63 = -5*c - 21, 3*y - 37 = -h*c. List the prime factors of c.
2
Let t(f) = -13*f - 4. Let s(w) = -12*w - 4. Let l(u) = -7*s(u) + 6*t(u). What are the prime factors of l(3)?
2, 11
Suppose -2*t = 2*h - 2, 3*h = t - 0*t + 7. Suppose i = 3*a - 15, 2*i + h*i - 12 = 0. What are the prime factors of a?
2, 3
Suppose 30 = 21*j - 18*j. What are the prime factors of j?
2, 5
Let y be (-2)/7 + 54/42. Suppose 22 = x + y. What are the prime factors of x?
3, 7
Let x(s) be the second derivative of -s**3/6 + 7*s**2/2 + s. What are the prime factors of x(5)?
2
Let p(h) = -3*h - 2. Let m be p(-4). Suppose 4*o - m - 6 = 2*f, 5*o - 27 = -f. Suppose -f*k + 12 = -2*z, -3*z - 14 = -4*k + 2*k. List the prime factors of k.
2
Let p(h) = -h**2. Let o be p(0). Suppose o = 2*k - k + s - 13, -4*k + 3*s + 24 = 0. What are the prime factors of k?
3
Suppose -4*w + 7*w - 51 = 0. Let l = w + -11. What are the prime factors of l?
2, 3
Let u(c) = -4*c - 11. List the prime factors of u(-7).
17
Let s be -1*(-6)/3*1. Suppose -30 = -s*p + 4*f, 3*f - 6 = -p + 4. List the prime factors of p.
13
Suppose 4*d - 62 = 2*d + 2*u, d = 5*u + 47. Let p be 114/d + 4/(-18). What are the prime factors of -1 + (-2 - -2*p)?
5
Suppose 5*u = 18 + 2. Suppose -100 = -u*t - t. What are the prime factors of t?
2, 5
Let v(i) = -i**3 - 7*i**2 - 12*i - 1. List the prime factors of v(-5).
3
Let n = -125 + 286. List the prime factors of n.
7, 23
Let x = 29 + -17. Let s = -4 - -11. Let w = x - s. What are the prime factors of w?
5
Suppose 0*x + 722 = 2*x + 4*k, 4*x - 1392 = 5*k. List the prime factors of x.
353
Suppose 5*t = 3*o + 14, t - 5*o = -t + 17. Suppose u = -u + 2. What are the prime factors of (0 - u) + 4/t?
3
Let i = 0 - 7. Let g = i + 10. Suppose 0*f + 69 = g*f. What are the prime factors of f?
23
Let y(g) = 6 + g**3 - 5*g - 5*g**2 + 10*g**2 + 4*g. What are the prime factors of y(-5)?
11
Suppose -44 + 2 = -7*h. What are the prime factors of h?
2, 3
Suppose -1 + 9 = 4*i. Let z(p) = 8*p + 1. What are the prime factors of z(i)?
17
Let k(s) = 2*s**3 - 5*s**2 - 8*s + 5. Let f = -8 - -13. Let q be k(f). Suppose q = 2*v + 3*v. What are the prime factors of v?
2, 3
Suppose 0 = 4*h - 6*h + 8, 2*s - 4*h + 40 = 0. Let q be (4 - -1)*(0 - 1). Let i = q - s. What are the prime factors of i?
7
Suppose -h + 10 = 4*h. Suppose 2*i - 6*i - 16 = 0. What are the prime factors of h*i/((-24)/21)?
7
Let l be (28/(-49))/(4/(-14)). Suppose l*q - 6 = 0, i + 4*q + 3 - 29 = 0. What are the prime factors of i?
2, 7
Suppose -2*z - 4*y = -3*z + 102, 3*y = -9. List the prime factors of z.
2, 3, 5
Let n(r) = -5 + 4*r + 2 + 1. Suppose -2*a + 7 = 1, w + 5*a = 17. What are the prime factors of n(w)?
2, 3
Let g = -8 + 12. Let k = g - -13. List the prime factors of k.
17
Suppose -52 = -4*z + 3*z. What are the prime factors of z?
2, 13
Suppose 4*p + 12 = -6*n + 4*n, 4 = 3*p - 5*n. Let s = 3 - p. List the prime factors of s.
5
Let z be (-1 - (-33)/(-6))*-2. Let o = z - 8. Suppose o = -0*t + t. List the prime factors of t.
5
Suppose -2*i - 14 = -f - 5*i, -5*i = -15. Suppose -5*q = -z - 45, 3*q = 4*q - z - f. What are the prime factors of q?
2, 5
Let s(a) = a**3 + 9*a**2 - 5*a - 13. What are the prime factors of s(-9)?
2
Let l(s) = -25*s + 11. What are the prime factors of l(-4)?
3, 37
Suppose -5*w - 2*y + 394 = -0*y, -3*w - y + 236 = 0. List the prime factors of w.
2, 3, 13
Suppose -j + 48 - 17 = 0. List the prime factors of j.
31
Let g = -13 - -32. Suppose -p = 4*f - g, 11 = -p + f + 40. What are the prime factors of p?
3
List the prime factors of 42/35*10/6 - -215.
7, 31
Suppose -387 = -5*q - 32. What are the prime